(i) = 8*i**3 - 2*i + 1. Suppose 0 = 4*j - 2 - 2. Calculate c(j).
7
Suppose l - 12 = 2. Let o be l/6 - (-1)/(-3). Let c(u) = -u**3 - u**2 + 3*u - 2. What is c(o)?
-8
Let l(d) = -d**2 - 4*d. Suppose -4*w - 3*b = w + 19, -2*b + 9 = -w. Determine l(w).
-5
Let z(f) = 6 - 10*f + 2*f**2 - 3*f**2 + 2*f + 2*f**2. Suppose -2*n + 0*n = -14. Calculate z(n).
-1
Let n(s) = -3*s + 1. Let g = 25 - 24. What is n(g)?
-2
Let v(t) = t**3 - 5*t**2 + 11*t + 1. Let b(k) = k**3 - 5*k**2 + 10*k. Let a(d) = 6*b(d) - 5*v(d). Determine a(4).
-1
Let x = -6 - -12. Let n(z) be the first derivative of z**3/3 - 3*z**2 - z + 35. Give n(x).
-1
Let k(n) be the first derivative of -n**4/4 - 7*n**3/3 - n**2/2 + n - 5. Calculate k(-7).
8
Let b = 8 + -2. Suppose -3*c - 3 = -b. Let d(u) = 5*u**2 - 1. Give d(c).
4
Let b(q) = -q**3 + 4*q**2 + 4. Let r be -3*2/3*(-4 - -2). Calculate b(r).
4
Let q(o) = o**3 + o - 1. Let f(t) be the first derivative of -t**4/2 - t**3 - 9*t**2/2 + 9*t - 5. Let l(d) = f(d) + 3*q(d). What is l(4)?
-2
Let p be 3/(2/(-10)*-3). Let d(v) = -p*v + 13*v - 12*v**2 + 1 - 8*v. Determine d(1).
-11
Let a(j) = -j**2 + 2*j - 1. Let s(u) = -u - 5. Let x be s(-6). Let c be -2*((-5)/2 + x). Let t(k) = -k**3 + 2*k**2 + 5*k - 4. Let g be t(c). Calculate a(g).
-1
Suppose b + 5 = 3. Suppose 3*h - 17 = -8. Let n(u) = 2 - 4*u**2 - 2*u**2 + u**3 + h*u + 5*u**2 + 4*u**2. What is n(b)?
0
Let r = -1 - -2. Let q(y) be the second derivative of y**5/5 + y**3/3 - y**2/2 - 9*y. Give q(r).
5
Let h(d) = 2*d + 2. Let z(b) be the first derivative of b - 1. Let y(i) = h(i) + 3*z(i). Give y(4).
13
Let o = -110 - -108. Let s(i) be the second derivative of -i**3 - i**2/2 + i. Give s(o).
11
Let s(o) = -o**2 - 2*o + 4. Let u(i) be the third derivative of i**4/12 + 2*i**3/3 - 3*i**2. Let z be u(-4). Calculate s(z).
-4
Let l(j) = j + 2. Let y be l(0). Suppose -y*b + b = -5. Let u(g) = -g + 5. Give u(b).
0
Suppose 5*a - 3*w - 11 = 5, 5*a + 3*w = 4. Let x(k) be the first derivative of -1 + 1/2*k**a - 6*k. What is x(0)?
-6
Let q = 74 - 75. Let m = -3 + 7. Let a(h) = h**2 - m*h**2 + h**2 - 1. What is a(q)?
-3
Let c(x) = -x - 2. Let y(w) = w - 3. Let a be y(3). Let d be c(a). Let u(b) = -4 + 2*b - b + 3 - 2*b + 2*b**2. Give u(d).
9
Suppose -3*b - 5 + 11 = 0. Let d(x) = 11*x**3 - 6*x**2 + 17*x - 11. Let m(y) = -7*y**3 + 4*y**2 - 11*y + 7. Let i(r) = 5*d(r) + 8*m(r). Calculate i(b).
-5
Let q(r) = r**3 - 2*r**2 - r - 4. Let x be q(3). Let n(c) = -2*c + c + 4 - x + 0. Suppose 5*k - k - 8 = 0. Calculate n(k).
0
Let w(l) = l**3 + 6*l**2 + 5*l + 4. Suppose 2*t = 4*q - 6, -4*t - 2*q = -q + 21. Let d be w(t). Let f(y) = -y**3 + 5*y**2 - 2*y - 1. What is f(d)?
7
Let j(o) = o + 3. Let a(k) = k**2 - 4*k + 3. Suppose -4*m + 2 = -m + 4*i, 4*m - 5*i + 49 = 0. Let l = m - -10. Let q be a(l). Calculate j(q).
6
Let s = 16 - 7. Suppose 8 = s*u - 5*u. Let g(t) = -t**2 + 3*t - 2. Calculate g(u).
0
Suppose -5*u + 5 = 0, 3*o - 5 = 3*u - 2*u. Let n(x) = x**o - 1 + 3 - 4 + 3*x - 1. Let p = -2 + 4. Calculate n(p).
7
Let w = -95 + 82. Let s(y) = -y**2 - 14*y - 9. Determine s(w).
4
Let i(d) be the first derivative of -d**4/4 + 7*d**3/3 - 3*d**2/2 + 6*d + 16. What is i(7)?
-15
Let o = 1 - -1. Let w(i) = 2 + 0 + i**2 + 0*i - 2*i**o + i. What is w(2)?
0
Let i(v) = -v - 1. Let h be i(-3). Suppose -h*o = -5*o - 15. Let j(p) = 2 - 385*p + 392*p + 1 + p**2. Give j(o).
-7
Suppose -q + 4 = -0*q. Let v(z) = 3*z**3 + 9*z**2 - 5*z + 6. Let k(t) = 2*t**3 + 8*t**2 - 5*t + 5. Let l(s) = -4*k(s) + 3*v(s). What is l(q)?
2
Suppose l - 6 = -5*l. Let g(k) = k**3 + k - 1. What is g(l)?
1
Let j(m) be the second derivative of -2*m**3/3 - m**2 + 10*m. Calculate j(-2).
6
Let z(o) = -o**2 + o - 1. Let r(i) = 2*i**2 - 5*i + 1. Let y(c) = -r(c) - z(c). Suppose s + 2*s - 21 = 0. Suppose 1 = -2*a + s. What is y(a)?
3
Let r(k) = 5*k**2 - 11*k + 2. Let c(q) = 14*q**2 - 32*q + 7. Let z(d) = 4*c(d) - 11*r(d). Give z(7).
6
Let q(h) = 3 - 1 - 4 + 3*h. Calculate q(2).
4
Let q(w) be the first derivative of w**4/4 - 2*w**3 + w**2 - 5*w + 17. What is q(6)?
7
Let d = 18 - 21. Let p(t) = t + 7. Calculate p(d).
4
Let z(p) = p**3 + p**2. Let b be -2 - (-10 + (1 - -1)). Let u(s) = 5*s**3 + 6*s**2 + 5. Let o(f) = b*z(f) - u(f). What is o(0)?
-5
Let d(a) = -a**2 + 5*a - 3. Suppose 0 = 6*q - q + 4*x + 42, -4*q + 2*x - 18 = 0. Let s(y) = -2*y - 9. Let u be s(q). Suppose r - 2*r = -u. Determine d(r).
3
Let r(q) = -q**2 + 4*q - 1. Let g be (0 + -3)/(-2 + 1). Let p be r(g). Let w(n) = n**3 + 0*n**p + 6 + n**2 - n**2. Give w(0).
6
Let v be (-5)/20 - (-337)/4. Let c(q) = v*q - 3 + q**3 - 2*q**3 - 82*q. Give c(2).
-7
Let r(w) = w - 4. Let j be r(7). Suppose 0 = l + j*l - 8. Let z(u) be the third derivative of -u**5/60 + u**2. What is z(l)?
-4
Let g(r) = -r**3 + r**2 - r + 5. Suppose 0 = 6*m - 3*m. Give g(m).
5
Let i(o) = -o**2 - 4. Suppose -2*g - 6 = -2*t, -g - 5*t = -0*g - 15. Determine i(g).
-4
Let z(a) = -a - 12. Let g(b) = b - 1. Let h be (-1)/(2 - 1) - 5. Let j be g(h). What is z(j)?
-5
Let u(j) = -2*j**2 + 3*j. Let a(q) = -q + 3. Let t be a(0). Suppose 6 = t*f - 0*f. What is u(f)?
-2
Let v(i) be the second derivative of -i**3/6 + 7*i**2/2 - 5*i + 2. Give v(12).
-5
Let h(n) = -4*n + 36. Let b be h(10). Let v(g) = 7*g**3 + 10*g**2 + 10*g + 1. Let a(x) = 4*x**3 + 5*x**2 + 5*x + 1. Let t(m) = 5*a(m) - 3*v(m). Calculate t(b).
6
Suppose 6 = -3*f + 2*f. Let b be (-2)/f*(1 + 8). Let n(v) = -4*v**2 + 0 + 0*v + v + v**b - 5. Give n(4).
-1
Let d(o) = o + 4. Let z be d(-4). Suppose z = 4*c - 12, -2*f - 4*c = f - 12. Let v(w) = -3 - 2*w**2 + f*w**2 + w**2 + 2*w + 4*w. Determine v(3).
6
Let f(r) be the second derivative of -r**3/3 + r**2/2 + 4*r. Give f(-3).
7
Let o(v) = -2*v + 5. Suppose 2 = -w + 3. Let a = w + -2. Let b = a + 6. Calculate o(b).
-5
Let g(u) = -u**2 - 5*u + 3. Let w be 6*-1 - (0/(-4))/(-1). What is g(w)?
-3
Let g(k) = k**2 + 4*k - 1. Let j(y) = y**2 - y + 1. Let d(u) = g(u) - 2*j(u). Let m(c) = -c**3 - 5*c**2 + 12*c - 8. Let l be m(-7). Determine d(l).
-3
Let o(m) be the first derivative of m**3/6 - 5*m**2/2 + 8*m + 5. Let f(r) be the first derivative of o(r). Determine f(7).
2
Suppose 0*y = -2*y + 5*d - 7, -2*d + 6 = 0. Suppose 5 = y*o + o. Suppose 3*j = -4*z - 17, 2*z = -4*j + o - 7. Let a(p) = p**2 - p. What is a(j)?
0
Let i(a) be the second derivative of -a**3/6 - a**2/2 - 20*a. Let c = -1 + 3. Let g be (c/(-6))/(1/3). Determine i(g).
0
Let t(l) = l. Let c be 6 + -14 + (-2)/(-1). Calculate t(c).
-6
Let k(j) = -1. Let d(b) = b**2 + 6*b. Let a(w) = -d(w) + 2*k(w). Suppose -r - 2*c + 3*c = 0, 10 = -5*r + 3*c. What is a(r)?
3
Let h(x) = -1. Let a(b) = -b - 1. Let s(r) = 4*a(r) - 3*h(r). Determine s(2).
-9
Suppose -3*h = -h + 2. Let a(s) be the first derivative of -s**6/60 - s**4/24 + s**3/3 + 1. Let p(o) be the third derivative of a(o). Calculate p(h).
-7
Let n(x) = 5*x. Let l be (-10)/(-45) + (-40)/18. Let k be (-1)/l*(1 + 1). What is n(k)?
5
Suppose -5*a - 29 = -b, -5*b + a + 6 + 43 = 0. Let j = 2 - 4. Let z be b/(-6)*(-6 - j). Let m(l) = -l**2 + 7*l - 5. What is m(z)?
1
Let y(h) = -h**2 - 4*h - 4. Let i be y(-4). Let j = i + 6. Let r(b) = -j - 2 + 6 - 3*b + 2*b. What is r(-5)?
7
Let g = -5 + 7. Let p = g - 10. Let h = -11 - p. Let s(i) = -3*i - 3. Give s(h).
6
Let d be -2*(-3)/(-2)*1. Let r(n) be the third derivative of n**4/24 + 2*n**3/3 + 7*n**2. Give r(d).
1
Let j(t) = 8*t - 2. Let s(h) = 7*h - 2. Let v be (-112)/18 - (-10)/45. Let l be v/9 + 32/(-6). Let x(d) = l*s(d) + 5*j(d). What is x(-2)?
6
Let l be (3 + 1)/(4/(-6)). Let a(h) = h + 9. What is a(l)?
3
Let d(r) be the second derivative of 7*r - 1/2*r**2 + 1/6*r**3 + 0. Suppose 2*i - 35 = 6*i + 3*f, -2*f - 25 = 3*i. Determine d(i).
-6
Let i(m) = 3*m**2 + 2*m**2 + 0*m**3 - 2*m + 3*m - m**3 - 6. Give i(5).
-1
Let g(k) = 3*k - 6. Let f be (-2)/6 + (-57)/(-9). Give g(f).
12
Suppose -5*y + 5*o = 5, y + 0*y = -4*o + 24. Let r(g) = g - 2. Let d be r(y). Suppose -c + d*c - 2 = 0. Let x(a) = 4*a - 3. What is x(c)?
5
Let k(q) be the second derivative of -q**7/2520 - q**6/90 - q**5/20 + q**4/4 - 5*q. Let p(l) be the third derivative of k(l). Calculate p(-4).
10
Let o(t) = t**2 - 5*t**2 + 2 - 1. Let h = -9 + 10. Let y be (-19)/38*2*h. Give o(y).
-3
Let y(x) be the third derivative of 1/2*x**3 + 5*x**2 + 7/24*x**4 + 0 + 0*x + 1